ads

vendredi 11 septembre 2015

Help! App Updates has stopped. LogCat attached.



Hi,

When I am in update center and click "app updates" it force closes. Clicking software update works though.
Just wondering why this is happening and if I can fix it. I have removed some of the bloatware from the stock rom, but the update center apk is still where it should be. Thought it might have been xposed causing it but turned it off and still no go.

Here is my logcat. Running stock, rooted. Thanks a lot!!!


Quote:









09-11 20:59:00.002 D/PowerManagerServiceEx(991): acquireWakeLockInternal: lock=480311568, flags=0x40000001, tag="*alarm*", ws=WorkSource{1000}, historyTag=*alarm*:android.intent.action.TIME_TICK , uid=1000, pid=991
09-11 20:59:00.031 D/PowerManagerServiceEx(991): releaseWakeLockInternal: lock=480311568 [*alarm*], flags=0x0
09-11 20:59:00.035 I/[SystemUI]TimeTickManager(2025): setTimeTickHandler, called onTimeChanged()
09-11 20:59:00.035 I/KeyguardUpdateMonitor(2025): called onTimeUpdated()
09-11 20:59:00.035 I/[SystemUI]KeyguardIndicationController(2025): called onTimeUpdated()
09-11 20:59:00.035 I/[SystemUI]Clock(2025): called onTimeUpdated()
09-11 20:59:00.039 I/LgeClockWidgetControlView(2025): called onTimeUpdated()
09-11 20:59:00.039 I/[SystemUI]DateView(2025): called onTimeUpdated()
09-11 20:59:00.040 I/[SystemUI]DateView(2025): called onTimeUpdated()
09-11 20:59:00.040 D/KeyguardUpdateMonitor(2025): handleTimeUpdate
09-11 20:59:01.232 D/InputDispatcher(991): notifyMotion - action=ACTION_DOWN, eventTime=586158702000, downTime=586158702000
09-11 20:59:01.235 D/InputTransport(991): channel '1064ef63 com.lge.updatecenter/com.lge.updatecenter.UpdateCenterPrfActivity (server)' : action=ACTION_DOWN, downTime=586158702000, eventTime=586158702000, pointerCount=1
09-11 20:59:01.235 I/ViewRootImpl(8765): ViewRoot's Touch Event : ACTION_DOWN
09-11 20:59:01.236 D/InputTransport(991): channel 'WindowManager (server)' : action=ACTION_DOWN, downTime=586158702000, eventTime=586158702000, pointerCount=1
09-11 20:59:01.237 E/GBMv2 (357): Set value is all cleared set the max
09-11 20:59:01.237 I/GBMv2 (357): VFP is [12]
09-11 20:59:01.237 D/PowerManagerServiceEx(991): updateUserActivitySummaryLocked: mWakefulness=Awake, mUserActivitySummary=0x1, nextTimeout=613911 (in 27747 ms)
09-11 20:59:01.310 D/InputDispatcher(991): notifyMotion - action=ACTION_UP, eventTime=586237001000, downTime=586158702000
09-11 20:59:01.310 D/InputTransport(991): channel '1064ef63 com.lge.updatecenter/com.lge.updatecenter.UpdateCenterPrfActivity (server)' : action=ACTION_UP, downTime=586158702000, eventTime=586237001000, pointerCount=1
09-11 20:59:01.310 D/InputTransport(991): channel 'WindowManager (server)' : action=ACTION_UP, downTime=586158702000, eventTime=586237001000, pointerCount=1
09-11 20:59:01.311 I/ViewRootImpl(8765): ViewRoot's Touch Event : ACTION_UP
09-11 20:59:01.376 D/UpdateCenter:UpdateCenterListFragment(8765): ****onListItemClick****
09-11 20:59:01.377 D/UpdateCenter:UpdateCenterListFragment(8765): ****isSystemPackageInfo****
09-11 20:59:01.378 I/Timeline(8765): Timeline: Activity_launch_request id:com.lge.appbox.client time:586304
09-11 20:59:01.378 I/ActivityManager(991): START u0 {act=android.intent.action.MAIN cmp=com.lge.appbox.client/.AppBoxClient} from uid 10040 on display 0
09-11 20:59:01.383 V/SplitWindowPolicy(2528): checkScreen => return. sourceIntent is null or not support SplitWindow component: ComponentInfo{co.....client/co.....client.AppBoxClient}
09-11 20:59:01.383 D/SplitInfo(991): new ActivitySplitInfo : ActivitySplitInfo [screenZone=0/ flag=0x0/ state=NATIVE]
09-11 20:59:01.384 D/ActivityManager(991): setTaskToReturnTo : TaskRecord{13ba98d5 #4527 A=com.lge.appbox.client U=0 sz=0} / mTaskToReturnTo = 0
09-11 20:59:01.385 D/WindowStateEx(991): AppWindowTokenEx init..
09-11 20:59:01.386 D/ContextHelper(991): convertTheme. context->name=com.lge.appbox.client themeResourceId=34210242
09-11 20:59:01.388 I/PhoneWindow(991): [generateLayout] setColorNavigationBar => color=0x ff000001
09-11 20:59:01.397 D/PhoneWindowEx(991): [PWEx][generateLayout] setNavigationBarColor2 : colors=0xff000000
09-11 20:59:01.397 I/PhoneWindow(991): [setNavigationBarColor2] color=0x ff000000
09-11 20:59:01.406 D/SplitWindow(991): check instance of lgWin Window{2111e9b6 u0 Starting com.lge.appbox.client}
09-11 20:59:01.425 D/SplitWindowPolicy(2528): updateActivityStateChanged: resumed=false, screenId=1, isScreenFull=true
09-11 20:59:01.425 D/SplitWindowPolicy(2528): topRunningActivity=ActivityInfo{37a1d43e co.....UpdateCenterPrfActivity}, taskId=4520, activityType=0, bIsSplit=false
09-11 20:59:01.472 D/InputDispatcher(991): Focus left window: Window{1064ef63 u0 com.lge.updatecenter/com.lge.updatecenter.UpdateCenterPrfActivity}
09-11 20:59:01.476 D/UpdateCenter:UpdateCenterListFragment(8765): ****prfListAdapter : getView****
09-11 20:59:01.476 D/UpdateCenter:UpdateCenterListFragment(8765): 0:App Updates
09-11 20:59:01.477 D/UpdateCenter:UpdateCenterListFragment(8765): ****prfListAdapter : getView****
09-11 20:59:01.477 D/UpdateCenter:UpdateCenterListFragment(8765): 1:Software Update
09-11 20:59:01.534 I/ActivityManager(991): Start proc com.lge.appbox.client for activity com.lge.appbox.client/.AppBoxClient: pid=8868 uid=10011 gids={50011, 9997, 3003, 1028, 1015, 2001} abi=armeabi
09-11 20:59:01.604 I/WindowStateAnimator(991): Starting window displayed
09-11 20:59:01.624 I/SystemUI[Framework](991): PhoneWindowManager.updateSystemUiVisibilityLw() :visibility=0x8600, pkg=com.lge.appbox.client
09-11 20:59:01.625 W/PhoneWindowManagerEx(991): Call!!!getLGSystemUiVisibility. =0x0
09-11 20:59:01.625 D/StatusBarManagerServiceEx(991): setLGSystemUiVisibility(0x0)
09-11 20:59:01.625 D/StatusBarManagerServiceEx(991): manageNaviBtnDisableList userId=0 what=0x0 pkg=WindowManager.LayoutParams
09-11 20:59:01.625 I/SystemUI[Framework](991): ==>disabledNaviBtn() what=0x0, token=android.os.Binder@2fb416a3, pkg=WindowManager.LayoutParams
09-11 20:59:01.625 I/SystemUI[Framework](991): disableNaviBtn: mDisabledNaviBtn=0x0, mDisableRecords.size=0
09-11 20:59:01.634 D/OpenGLRenderer(8765): endAllStagingAnimators on 0x9c8f9b00 (ListView) with handle 0xa9bf7ab0
09-11 20:59:01.651 D/SplitWindowPolicy(2528): updateActivityStateChanged: resumed=true, screenId=1, isScreenFull=true
09-11 20:59:01.651 D/SplitWindowPolicy(2528): topRunningActivity=ActivityInfo{2486729f co.....client.AppBoxClient}, taskId=4527, activityType=0, bIsSplit=false
09-11 20:59:01.718 I/AppUp4:AppBoxCP(8868): onCreate
09-11 20:59:01.719 W/AppUp4:DB(8868): [AppBoxDatabaseHelper] construct
09-11 20:59:01.732 I/AppUp4:DB(8868): setFingerPrint start
09-11 20:59:01.733 I/AppUp4:DB(8868): newfinger = lge/g3_bell_ca/g3:5.0.1/LRX21Y/150351852d88d:user/release-keys SDK version = 21
09-11 20:59:01.741 I/AppUp4:DB(8868): beforefinger = lge/g3_bell_ca/g3:5.0.1/LRX21Y/150351852d88d:user/release-keys
09-11 20:59:01.741 I/AppUp4:DB(8868): SDK version = 21
09-11 20:59:01.741 I/AppUp4:DB(8868): beforefinger == newfinger no write in DB
09-11 20:59:01.743 D/AppUp4:AppBoxApplication(8868): AppBoxApplication onCreate()
09-11 20:59:01.751 D/ContextHelper(8868): convertTheme. context->name=com.lge.appbox.client themeResourceId=34210242
09-11 20:59:01.753 V/AppUp4:AppBoxClient (8868): onCreate
09-11 20:59:01.757 I/AppUp4 (8868): +isLinkedUser : false
09-11 20:59:01.761 I/PhoneWindow(8868): [generateLayout] setColorNavigationBar => color=0x ff000001
09-11 20:59:01.771 D/PhoneWindowEx(8868): [PWEx][generateLayout] setNavigationBarColor2 : colors=0xff000000
09-11 20:59:01.771 I/PhoneWindow(8868): [setNavigationBarColor2] color=0x ff000000
09-11 20:59:01.771 I/ToolbarWidgetWrapper(8868): Progress display unsupported
09-11 20:59:01.788 E/PhoneWindow(8868): Circular progress bar not located in current window decor
09-11 20:59:01.789 I/AppUp4:MemoryCache(8868): MemoryCache will use up to 89.59999942779541MB
09-11 20:59:01.789 D/AppUp4:ImageLoader(8868): [ImageLoader] init with scale : 192 / context : com.lge.appbox.client.AppBoxApplication@1dca2754
09-11 20:59:01.795 E/AppUp4:EulaManager(8868): NameNotFoundException in isEulaForKitkat...
09-11 20:59:01.795 E/AppUp4:EulaManager(8868): android.content.pm.PackageManager$NameNotFoundExce ption: com.lge.eula
09-11 20:59:01.795 E/AppUp4:EulaManager(8868): at android.app.ApplicationPackageManager.getPackageIn fo(ApplicationPackageManager.java:114)
09-11 20:59:01.795 E/AppUp4:EulaManager(8868): at com.lge.appbox.manager.EulaManager.compareEulaVers ion(EulaManager.java:86)
09-11 20:59:01.795 E/AppUp4:EulaManager(8868): at com.lge.appbox.manager.EulaManager.isEulaUI4_2Vers ion(EulaManager.java:50)
09-11 20:59:01.795 E/AppUp4:EulaManager(8868): at com.lge.appbox.manager.EulaManager.getEulaAgreemen t(EulaManager.java:66)
09-11 20:59:01.795 E/AppUp4:EulaManager(8868): at com.lge.appbox.manager.EulaManager.initWithDeviceE ulaInfo(EulaManager.java:54)
09-11 20:59:01.795 E/AppUp4:EulaManager(8868): at com.lge.appbox.client.AppBoxClient.onCreate(AppBox Client.java:302)
09-11 20:59:01.795 E/AppUp4:EulaManager(8868): at android.app.Activity.performCreate(Activity.java:6 020)
09-11 20:59:01.795 E/AppUp4:EulaManager(8868): at android.app.Instrumentation.callActivityOnCreate(I nstrumentation.java:1105)
09-11 20:59:01.795 E/AppUp4:EulaManager(8868): at android.app.ActivityThread.performLaunchActivity(A ctivityThread.java:2259)
09-11 20:59:01.795 E/AppUp4:EulaManager(8868): at android.app.ActivityThread.handleLaunchActivity(Ac tivityThread.java:2368)
09-11 20:59:01.795 E/AppUp4:EulaManager(8868): at android.app.ActivityThread.access0(ActivityThre ad.java:149)
09-11 20:59:01.795 E/AppUp4:EulaManager(8868): at android.app.ActivityThread$H.handleMessage(Activit yThread.java:1284)
09-11 20:59:01.795 E/AppUp4:EulaManager(8868): at android.os.Handler.dispatchMessage(Handler.java:10 2)
09-11 20:59:01.795 E/AppUp4:EulaManager(8868): at android.os.Looper.loop(Looper.java:135)
09-11 20:59:01.795 E/AppUp4:EulaManager(8868): at android.app.ActivityThread.main(ActivityThread.jav a:5299)
09-11 20:59:01.795 E/AppUp4:EulaManager(8868): at java.lang.reflect.Method.invoke(Native Method)
09-11 20:59:01.795 E/AppUp4:EulaManager(8868): at java.lang.reflect.Method.invoke(Method.java:372)
09-11 20:59:01.795 E/AppUp4:EulaManager(8868): at com.android.internal.os.ZygoteInit$MethodAndArgsCa ller.run(ZygoteInit.java:908)
09-11 20:59:01.795 E/AppUp4:EulaManager(8868): at com.android.internal.os.ZygoteInit.main(ZygoteInit .java:703)
09-11 20:59:01.796 E/ActivityThread(8868): Failed to find provider info for com.lge.eula.contentprovider
09-11 20:59:01.796 I/AppUp4:EulaManager(8868): getAgreementForKK : Eula agreement is false
09-11 20:59:01.799 V/AppUp4:AppBoxClient (8868): [clearFrgmentBackStack]***** onCreate back stack entryCount before : 0
09-11 20:59:01.800 V/AppUp4:AppBoxClient (8868): onStart with entryCount : 0
09-11 20:59:01.800 V/AppUp4:AppBoxClient (8868): onStart with mCurrentFragment : null
09-11 20:59:01.800 V/AppUp4:AppBoxClient (8868): onStart without mSelectedPackageName
09-11 20:59:01.803 V/AppUp4:AppBoxClient (8868): [onCreate] EULA not accepted and request EULA page
09-11 20:59:01.803 I/AppUp4:EulaManager(8868): [Activity] requestEulaPage.
09-11 20:59:01.804 E/AppUp4:EulaManager(8868): NameNotFoundException in isEulaForKitkat...
09-11 20:59:01.804 E/AppUp4:EulaManager(8868): android.content.pm.PackageManager$NameNotFoundExce ption: com.lge.eula
09-11 20:59:01.804 E/AppUp4:EulaManager(8868): at android.app.ApplicationPackageManager.getPackageIn fo(ApplicationPackageManager.java:114)
09-11 20:59:01.804 E/AppUp4:EulaManager(8868): at com.lge.appbox.manager.EulaManager.compareEulaVers ion(EulaManager.java:86)
09-11 20:59:01.804 E/AppUp4:EulaManager(8868): at com.lge.appbox.manager.EulaManager.isEulaUI4_2Vers ion(EulaManager.java:50)
09-11 20:59:01.804 E/AppUp4:EulaManager(8868): at com.lge.appbox.manager.EulaManager.showEULA(EulaMa nager.java:189)
09-11 20:59:01.804 E/AppUp4:EulaManager(8868): at com.lge.appbox.client.AppBoxClient.onCreate(AppBox Client.java:317)
09-11 20:59:01.804 E/AppUp4:EulaManager(8868): at android.app.Activity.performCreate(Activity.java:6 020)
09-11 20:59:01.804 E/AppUp4:EulaManager(8868): at android.app.Instrumentation.callActivityOnCreate(I nstrumentation.java:1105)
09-11 20:59:01.804 E/AppUp4:EulaManager(8868): at android.app.ActivityThread.performLaunchActivity(A ctivityThread.java:2259)
09-11 20:59:01.804 E/AppUp4:EulaManager(8868): at android.app.ActivityThread.handleLaunchActivity(Ac tivityThread.java:2368)
09-11 20:59:01.804 E/AppUp4:EulaManager(8868): at android.app.ActivityThread.access0(ActivityThre ad.java:149)
09-11 20:59:01.804 E/AppUp4:EulaManager(8868): at android.app.ActivityThread$H.handleMessage(Activit yThread.java:1284)
09-11 20:59:01.804 E/AppUp4:EulaManager(8868): at android.os.Handler.dispatchMessage(Handler.java:10 2)
09-11 20:59:01.804 E/AppUp4:EulaManager(8868): at android.os.Looper.loop(Looper.java:135)
09-11 20:59:01.804 E/AppUp4:EulaManager(8868): at android.app.ActivityThread.main(ActivityThread.jav a:5299)
09-11 20:59:01.804 E/AppUp4:EulaManager(8868): at java.lang.reflect.Method.invoke(Native Method)
09-11 20:59:01.804 E/AppUp4:EulaManager(8868): at java.lang.reflect.Method.invoke(Method.java:372)
09-11 20:59:01.804 E/AppUp4:EulaManager(8868): at com.android.internal.os.ZygoteInit$MethodAndArgsCa ller.run(ZygoteInit.java:908)
09-11 20:59:01.804 E/AppUp4:EulaManager(8868): at com.android.internal.os.ZygoteInit.main(ZygoteInit .java:703)
09-11 20:59:01.805 I/Timeline(8868): Timeline: Activity_launch_request id:com.lge.eula time:586731
09-11 20:59:01.805 I/ActivityManager(991): START u0 {cmp=com.lge.eula/.UnifiedEula (has extras)} from uid 10011 on display 0
09-11 20:59:01.806 D/AndroidRuntime(8868): Shutting down VM
09-11 20:59:01.806 E/AndroidRuntime(8868): FATAL EXCEPTION: main
09-11 20:59:01.806 E/AndroidRuntime(8868): Process: com.lge.appbox.client, PID: 8868
09-11 20:59:01.806 E/AndroidRuntime(8868): java.lang.RuntimeException: Unable to start activity ComponentInfo{com.lge.appbox.client/com.lge.appbox.client.AppBoxClient}: android.content.ActivityNotFoundException: Unable to find explicit activity class {com.lge.eula/com.lge.eula.UnifiedEula}; have you declared this activity in your AndroidManifest.xml?
09-11 20:59:01.806 E/AndroidRuntime(8868): at android.app.ActivityThread.performLaunchActivity(A ctivityThread.java:2306)
09-11 20:59:01.806 E/AndroidRuntime(8868): at android.app.ActivityThread.handleLaunchActivity(Ac tivityThread.java:2368)
09-11 20:59:01.806 E/AndroidRuntime(8868): at android.app.ActivityThread.access0(ActivityThre ad.java:149)
09-11 20:59:01.806 E/AndroidRuntime(8868): at android.app.ActivityThread$H.handleMessage(Activit yThread.java:1284)
09-11 20:59:01.806 E/AndroidRuntime(8868): at android.os.Handler.dispatchMessage(Handler.java:10 2)
09-11 20:59:01.806 E/AndroidRuntime(8868): at android.os.Looper.loop(Looper.java:135)
09-11 20:59:01.806 E/AndroidRuntime(8868): at android.app.ActivityThread.main(ActivityThread.jav a:5299)
09-11 20:59:01.806 E/AndroidRuntime(8868): at java.lang.reflect.Method.invoke(Native Method)
09-11 20:59:01.806 E/AndroidRuntime(8868): at java.lang.reflect.Method.invoke(Method.java:372)
09-11 20:59:01.806 E/AndroidRuntime(8868): at com.android.internal.os.ZygoteInit$MethodAndArgsCa ller.run(ZygoteInit.java:908)
09-11 20:59:01.806 E/AndroidRuntime(8868): at com.android.internal.os.ZygoteInit.main(ZygoteInit .java:703)
09-11 20:59:01.806 E/AndroidRuntime(8868): Caused by: android.content.ActivityNotFoundException: Unable to find explicit activity class {com.lge.eula/com.lge.eula.UnifiedEula}; have you declared this activity in your AndroidManifest.xml?
09-11 20:59:01.806 E/AndroidRuntime(8868): at android.app.Instrumentation.checkStartActivityResu lt(Instrumentation.java:1761)
09-11 20:59:01.806 E/AndroidRuntime(8868): at android.app.Instrumentation.execStartActivity(Inst rumentation.java:1485)
09-11 20:59:01.806 E/AndroidRuntime(8868): at android.app.Activity.startActivityForResult(Activi ty.java:3823)
09-11 20:59:01.806 E/AndroidRuntime(8868): at android.app.Activity.startActivityForResult(Activi ty.java:3784)
09-11 20:59:01.806 E/AndroidRuntime(8868): at com.lge.appbox.manager.EulaManager.showEULA(EulaMa nager.java:196)
09-11 20:59:01.806 E/AndroidRuntime(8868): at com.lge.appbox.client.AppBoxClient.onCreate(AppBox Client.java:317)
09-11 20:59:01.806 E/AndroidRuntime(8868): at android.app.Activity.performCreate(Activity.java:6 020)
09-11 20:59:01.806 E/AndroidRuntime(8868): at android.app.Instrumentation.callActivityOnCreate(I nstrumentation.java:1105)
09-11 20:59:01.806 E/AndroidRuntime(8868): at android.app.ActivityThread.performLaunchActivity(A ctivityThread.java:2259)
09-11 20:59:01.806 E/AndroidRuntime(8868): ... 10 more
09-11 20:59:01.808 W/ActivityManager(991): Force finishing activity com.lge.appbox.client/.AppBoxClient
09-11 20:59:02.113 I/WindowManager(991): Screenshot max retries 4 of Token{c1ee7db ActivityRecord{ac228ea u0 com.lge.appbox.client/.AppBoxClient t4527 f}} appWin=Window{2111e9b6 u0 Starting com.lge.appbox.client} drawState=4
09-11 20:59:02.114 E/ActivityManager(991): Invalid thumbnail dimensions: 768x768
09-11 20:59:02.116 W/ActivityManager(991): Force finishing activity com.lge.updatecenter/.UpdateCenterPrfActivity
09-11 20:59:02.123 D/SplitWindowPolicy(2528): updateActivityStateChanged: resumed=false, screenId=1, isScreenFull=true
09-11 20:59:02.124 D/SplitWindowPolicy(2528): topRunningActivity=ActivityInfo{a256fec co.....client.AppBoxClient}, taskId=4527, activityType=0, bIsSplit=false
09-11 20:59:02.140 I/PhoneWindow(991): [generateLayout] setColorNavigationBar => color=0x ff000001
09-11 20:59:02.142 D/PhoneWindowEx(991): [PWEx][generateLayout] setNavigationBarColor2 : colors=0xff000000
09-11 20:59:02.142 I/PhoneWindow(991): [setNavigationBarColor2] color=0x ff000000
09-11 20:59:02.154 I/Adreno-EGL(991): <qeglDrvAPI_eglInitialize:410>: EGL 1.4 QUALCOMM build: ()
09-11 20:59:02.154 I/Adreno-EGL(991): OpenGL ES Shader Compiler Version: E031.25.03.00
09-11 20:59:02.154 I/Adreno-EGL(991): Build Date: 12/24/14 Wed
09-11 20:59:02.154 I/Adreno-EGL(991): Local Branch: LA.BF.1.1.1_RB1_AU001_20141224_1077123
09-11 20:59:02.154 I/Adreno-EGL(991): Remote Branch:
09-11 20:59:02.154 I/Adreno-EGL(991): Local Patches:
09-11 20:59:02.154 I/Adreno-EGL(991): Reconstruct Branch:
09-11 20:59:02.154 I/OpenGLRenderer(991): Initialized EGL, version 1.4
09-11 20:59:02.161 D/SplitWindow(991): check instance of lgWin Window{188a73fd u0 Application Error: com.lge.appbox.client}
09-11 20:59:02.162 D/WindowManager(991): [PWM]2.notifyNavigationBarColor => Color.TRANSPARENT
09-11 20:59:02.163 I/[SystemUI]NavigationThemeResource(2025): notify navigation bar color(0x0)
09-11 20:59:02.163 I/[SystemUI]NavigationThemeResource(2025): NavigationKey Color is changed(WHITE -> WHITE_WITH_SHADOW)
09-11 20:59:02.163 I/[SystemUI]NavigationThemeResource(2025): BarMode=4, Theme=BLACK, LightBackground=false (Transparent)
09-11 20:59:02.163 I/[SystemUI]NavigationThemeResource(2025): , Keyguard show=false, IME shown=false, Panel expanded=false
09-11 20:59:02.165 I/SystemUI[Framework](991): PhoneWindowManager.updateSystemUiVisibilityLw() :visibility=0x8000, pkg=android
09-11 20:59:02.166 D/PhoneStatusBar(2025): setSystemUiVisibility vis=8000 mask=ffffffff oldVal=8600 newVal=8000 diff=600
09-11 20:59:02.166 W/PhoneWindowManagerEx(991): Call!!!getLGSystemUiVisibility. =0x0
09-11 20:59:02.166 D/StatusBarManagerServiceEx(991): setLGSystemUiVisibility(0x0)
09-11 20:59:02.168 D/StatusBarManagerServiceEx(991): manageNaviBtnDisableList userId=0 what=0x0 pkg=WindowManager.LayoutParams
09-11 20:59:02.168 I/SystemUI[Framework](991): ==>disabledNaviBtn() what=0x0, token=android.os.Binder@2fb416a3, pkg=WindowManager.LayoutParams
09-11 20:59:02.168 I/SystemUI[Framework](991): disableNaviBtn: mDisabledNaviBtn=0x0, mDisableRecords.size=0
09-11 20:59:02.173 D/InputDispatcher(991): Focus entered window: Window{188a73fd u0 Application Error: com.lge.appbox.client}
09-11 20:59:02.617 W/ActivityManager(991): Activity pause timeout for ActivityRecord{ac228ea u0 com.lge.appbox.client/.AppBoxClient t4527 f}
09-11 20:59:02.665 I/NotificationManager(991): android: cancel(1000) by android
09-11 20:59:02.685 D/SplitWindowPolicy(2528): updateActivityStateChanged: resumed=true, screenId=1, isScreenFull=true
09-11 20:59:02.686 D/SplitWindowPolicy(2528): topRunningActivity=ActivityInfo{3692bfb5 co.....SubSettings}, taskId=4520, activityType=0, bIsSplit=false
09-11 20:59:02.709 D/kjo (5897): registerReceiver
09-11 20:59:02.709 D/aboutphone # DeviceInfoLge(5897): onResume()
09-11 20:59:02.710 D/Utils (5897): value : 1435420529135, N
09-11 20:59:02.710 D/aboutphone # DeviceInfoLge(5897): isLogInfomationOn -> unchecked
09-11 20:59:02.765 W/Utils (5897): checkPackage() : package is not found(com.kddi.android.au_setting_menu)
09-11 20:59:02.765 I/Settings(5897): Remove au settings category
09-11 20:59:02.766 W/Utils (5897): checkPackage() : package is not found(com.kddi.android.au_setting_menu)
09-11 20:59:02.766 I/Settings(5897): Remove au settings menj
09-11 20:59:02.774 I/Settings : (5897): Settings.java[1464] : not supported the use 4g network
09-11 20:59:02.776 D/hkk (5897): [checkRcsDB] operator : BELL
09-11 20:59:02.776 D/hkk (5897): [checkRcsDB] country : CA
09-11 20:59:02.776 D/hkk (5897): [checkRcsDB] rcs_working : null
09-11 20:59:02.777 E/ActivityThread(5897): Failed to find provider info for com.lge.ims.provisioning
09-11 20:59:02.777 D/kimyow (5897): CONTENT_URIcontent://com.lge.ims.provisioning/workings
09-11 20:59:02.778 E/ActivityThread(5897): Failed to find provider info for com.lge.ims.rcs
09-11 20:59:02.778 D/kimyow (5897): CONTENT_URI_BBcontent://com.lge.ims.rcs/device
09-11 20:59:02.778 D/kimyow (5897): R.id.rcs_setting : objCursor==null
09-11 20:59:02.781 W/System.err(5897): Removed 2131691063
09-11 20:59:02.789 W/Utils (5897): checkPackage() : package is not found(com.skt.taction)
09-11 20:59:02.795 I/displaysizeinfo(5897): width :2.677167
09-11 20:59:02.795 I/displaysizeinfo(5897): height :4.724415
09-11 20:59:02.796 I/displaysizeinfo(5897): displaysize :29.487318
09-11 20:59:02.796 I/displaysizeinfo(5897): lcdsize :5.430222650954603
09-11 20:59:02.797 W/Utils (5897): checkPackage() : package is not found(com.skt.t_smart_charge)
09-11 20:59:02.798 W/Utils (5897): checkPackage() : package is not found(com.lge.springcleaning)
09-11 20:59:02.805 D/Settings(5897): mPhone.getPhoneType() = 1
09-11 20:59:02.805 D/Settings(5897): mPhone.isSmsCapable() = true
09-11 20:59:02.805 D/Settings(5897): isSMSsupported = true
09-11 20:59:02.810 D/Utils (5897): FEATURE_NFC_HOST_CARD_EMULATION = true
09-11 20:59:02.811 D/Utils (5897): else remove tap&pay
09-11 20:59:02.811 I/Settings(5897): Remove tap&pay
09-11 20:59:02.812 W/System.err(5897): Removed 2131691088
09-11 20:59:02.813 W/Utils (5897): checkPackage() : package is not found(jp.co.yahoo.android.ybox)
09-11 20:59:02.815 W/System.err(5897): java.lang.NoSuchFieldException: CAPP_MYFOLDER
09-11 20:59:02.816 W/System.err(5897): at java.lang.Class.getField(Class.java:1048)
09-11 20:59:02.816 W/System.err(5897): at com.android.settings.Utils.isSupportMyRoom(Utils.j ava:2966)
09-11 20:59:02.816 W/System.err(5897): at com.android.settings.Settings.updateHeaderList(Set tings.java:1683)
09-11 20:59:02.816 W/System.err(5897): at com.android.settings.Settings.onBuildHeaders(Setti ngs.java:1364)
09-11 20:59:02.816 W/System.err(5897): at android.preference.PreferenceActivity.handleMess age(PreferenceActivity.java:235)
09-11 20:59:02.816 W/System.err(5897): at android.os.Handler.dispatchMessage(Handler.java:10 2)
09-11 20:59:02.816 W/System.err(5897): at android.os.Looper.loop(Looper.java:135)
09-11 20:59:02.816 W/System.err(5897): at android.app.ActivityThread.main(ActivityThread.jav a:5299)
09-11 20:59:02.816 W/System.err(5897): at java.lang.reflect.Method.invoke(Native Method)
09-11 20:59:02.816 W/System.err(5897): at java.lang.reflect.Method.invoke(Method.java:372)
09-11 20:59:02.816 W/System.err(5897): at com.android.internal.os.ZygoteInit$MethodAndArgsCa ller.run(ZygoteInit.java:908)
09-11 20:59:02.816 W/System.err(5897): at com.android.internal.os.ZygoteInit.main(ZygoteInit .java:703)
09-11 20:59:02.827 D/Utils (5897): guestModeEnable: true
09-11 20:59:02.831 I/Settings(5897): Remove native accessibility
09-11 20:59:02.835 W/Utils (5897): checkPackage() : package is not found(com.lge.carhome)
09-11 20:59:02.835 W/Utils (5897): checkPackage() : package is not found(com.lge.tangible)
09-11 20:59:02.838 W/Utils (5897): checkPackage() : package is not found(com.lge.tangible)
09-11 20:59:02.840 W/Utils (5897): checkPackage() : package is not found(com.lge.carhome)
09-11 20:59:02.841 D/YSY (5897): QuickCircle case
09-11 20:59:02.841 D/development(5897): mHideDev = false
09-11 20:59:02.841 D/development(5897): showDev = true
09-11 20:59:02.844 D/aboutphone(5897): about_settings, removed !
09-11 20:59:02.845 D/aboutphone(5897): system_update_settings, removed !
09-11 20:59:02.845 W/Utils (5897): checkPackage() : package is not found(com.innopath.activecare)
09-11 20:59:02.845 D/aboutphone(5897): com.innopath.activecare checkPackage = false, removed !
09-11 20:59:02.846 D/aboutphone(5897): isUI_4_1_model = true, removed !
09-11 20:59:02.846 D/aboutphone(5897): system_update_settings, removed !
09-11 20:59:02.868 I/Timeline(5897): Timeline: Activity_idle id: android.os.BinderProxy@37a0c9d1 time:587795
09-11 20:59:02.941 D/InputDispatcher(991): Window went away: Window{1064ef63 u0 com.lge.updatecenter/com.lge.updatecenter.UpdateCenterPrfActivity}
09-11 20:59:02.996 I/Timeline(991): Timeline: Activity_windows_visible id: ActivityRecord{2ed7eeb1 u0 com.android.settings/.SubSettings t4520} time:587923
09-11 20:59:04.102 E/GBMv2 (357): DFP En is all cleared set to be enabled
09-11 20:59:04.102 E/GBMv2 (357): Set value is all cleared set the max
09-11 20:59:04.102 I/GBMv2 (357): DFP Enabled. Ignore VFP set
09-11 20:59:06.396 V/sensors_hal_Light(991): processReportInd: e0000 14.000000
09-11 20:59:12.882 W/ActivityManager(991): Activity destroy timeout for ActivityRecord{ac228ea u0 com.lge.appbox.client/.AppBoxClient t4527 f}
09-11 20:59:16.384 D/TaskPersister(991): removeObsoleteFile: deleting file=4527_task.xml







Aucun commentaire:

Enregistrer un commentaire